-3*t = -t - 3*w - 342, 3*w = 5*t - 873. List the prime factors of t.
3, 59
Let f = 8 + -4. Suppose g + 4*o - f = 3*o, g = -3*o + 4. List the prime factors of (9/3 - 0) + g.
7
Suppose -5*u = 4*u - 1917. List the prime factors of u.
3, 71
Suppose 0 = -u - 18 - 28. What are the prime factors of u*(21/(-6) - -3)?
23
List the prime factors of 20955/198 + 1/6.
2, 53
Suppose 5*z - 15 = -3*c, c - 4*c + 12 = 4*z. List the prime factors of ((-1)/z)/((-1)/9).
3
Suppose 14*f = p + 10*f - 378, 0 = 2*p + f - 720. What are the prime factors of p?
2, 181
Suppose 3*d + 9 = 2*v, 2*d + 4 = 5*v - 2. Suppose 4*o - 3*h + 38 = 107, -2*o + h + 35 = v. What are the prime factors of o?
2, 3
Suppose -4*u - 4*h = -536, 4*h + 0 = -8. List the prime factors of u.
2, 17
Suppose 20 = d - 13. What are the prime factors of d?
3, 11
Suppose -2*x + 14 = 6. Let o(y) = -3 - y - y + x*y + 2*y. List the prime factors of o(4).
13
Let m be ((-10)/(-4))/(2/(-4)). Let a = -8 - -7. Let i = a - m. List the prime factors of i.
2
Let m(x) = 23*x + 84. List the prime factors of m(7).
5, 7
Let r(s) be the first derivative of -2 + 0*s + 1/2*s**2 + 8/3*s**3. List the prime factors of r(-1).
7
Let a be (-22)/8 - (-1)/(-4). Let g = 4 + -2. List the prime factors of 2/a*(-27)/g.
3
Let w = 43 - -143. List the prime factors of w.
2, 3, 31
Let o = -27 - -60. What are the prime factors of o?
3, 11
Let u(c) = c**2 - 2. Let k be (3/(-5))/(6/(-60)). What are the prime factors of u(k)?
2, 17
Suppose -3*a = 2*u - 83 + 4, -u - a + 37 = 0. What are the prime factors of u?
2
Suppose c - 2*s = -0*s + 16, 4 = -s. Suppose p + p = -4*m - 12, -2*p + c = 0. Let z = 13 + m. What are the prime factors of z?
2
What are the prime factors of ((-1)/(-2))/((-7)/(-154))?
11
Suppose 72 = 4*a - 3*a. List the prime factors of a.
2, 3
Let q be ((-26)/(-6))/((-1)/(-21)). Suppose 89 = -0*d + 5*d - 3*j, -5*d + 2*j + q = 0. What are the prime factors of d?
19
Suppose -34 = -3*g + 50. Let s = g - 7. List the prime factors of s.
3, 7
Let u = -51 - -72. Suppose -2*y = -43 - u. List the prime factors of y.
2
Suppose -r + 5*p + 257 = r, -3*r + 418 = -p. List the prime factors of r.
3, 47
List the prime factors of (-1)/(-3)*(249 + 1 + -1).
83
Let m be 9 - 1 - 0/6. Suppose 3*g = m*g - 95. What are the prime factors of g?
19
Let t be (-7)/(-21) - (-1)/(-3). Suppose t*z - z = -4. List the prime factors of z.
2
Let d(h) = -4*h**2 - h + 3. Let q(x) = x**3 - 4*x**2 + 3. Let t be q(4). Let v be d(t). What are the prime factors of (2/(-4))/(3/v)?
2, 3
Let f(t) = t**3 + 7*t**2 - t - 10. Let c be f(-7). List the prime factors of 345/9 - (-1)/c.
2, 19
Suppose -190 = -g + 15. List the prime factors of g.
5, 41
Suppose -3*o + 2*x - 24 = 0, -24 = 5*o + 4*x - 2*x. List the prime factors of (-20)/o - 4/12.
3
Let g = -2 - -4. Suppose -52 = -5*v - g*c, v + 3*c + 37 = 5*v. Suppose -1 = k + 4*a, k - 4 = a + v. List the prime factors of k.
11
Suppose 2007 = 2*i + 7*i. List the prime factors of i.
223
Let t = -44 + 103. List the prime factors of t.
59
Let y = 0 - 4. Let k be 53/4 + y/16. Suppose -4*u + 3*u - 3*i = -5, -5*i = 4*u - k. List the prime factors of u.
2
Suppose -5*g + 4*m + 221 = 0, 0*m - 201 = -5*g - m. What are the prime factors of g?
41
Suppose -39 = -2*w + 13. Let j = w - 15. List the prime factors of j.
11
Suppose 2*o - 213 = -o. What are the prime factors of o?
71
Let u = 76 - 50. Let b = -13 + u. List the prime factors of b.
13
Let d be 558/7 - 6/(-21). Suppose -5*n + 0*n + d = 0. What are the prime factors of n?
2
Let l(w) = -w. Let d be l(4). Suppose -2*u + 144 = u. What are the prime factors of (4/(-6))/(d/u)?
2
Let t(g) = -g**3 + 7*g**2 - 6*g + 2. Suppose 0 = 4*x + 5*o + 1 - 10, 15 = x - 3*o. Let v be t(x). List the prime factors of (v/4)/(2/44).
11
Let o be -1 - (2 + (-63)/3). Suppose -4*u + 6 + o = 0. Suppose u*i - 50 = i. List the prime factors of i.
2, 5
Let f(g) = 2*g**2 - g + 6. What are the prime factors of f(4)?
2, 17
Suppose -u + 2*u - 349 = -3*s, -5*u + 341 = 3*s. What are the prime factors of s?
3, 13
Let o = 38 - 9. What are the prime factors of o?
29
Let p(b) = 2*b - 4. Let l(o) = -o**3 - 6*o**2 - 6*o - 2. Let a be l(-4). Let u = 16 + a. What are the prime factors of p(u)?
2
Let l(v) = v**3 - 10*v**2 + 2*v - 4. Let w be 192/20 - 2/(-5). Let j be l(w). Suppose u + c = -2*u + j, 0 = u - c. List the prime factors of u.
2
Suppose -3*u = -4*z - u + 66, 0 = -4*z - u + 81. Suppose z = 2*y + 3*y + 4*j, -y = -5*j + 2. List the prime factors of y.
3
Suppose 4*m - 1 = 19. Suppose 0 = -2*t - m*d + 2, -3*d = t - 6*d - 23. What are the prime factors of t?
11
Suppose 2*r - 10 = 0, -3*j + r = -4*r - 200. What are the prime factors of j?
3, 5
Suppose -b + 193 = 4*m - 0*b, 3*b = -2*m + 89. What are the prime factors of m?
7
Let i = 102 + -34. What are the prime factors of i?
2, 17
Suppose w = -3*r + r - 3, 6 = -2*r. Suppose 18 - w = -3*c, -3*p + 5 = 2*c. What are the prime factors of p?
5
Suppose -4*w + 62 = 3*j, -4*w - 22 = 2*j - 82. Suppose -2*i + w = -3*i. Let h = -4 - i. List the prime factors of h.
2, 5
Let p = -112 + 161. List the prime factors of p.
7
Let h = 10 + -7. Suppose 0 = -5*u - 4*b - 90, -u + 3*u + 13 = h*b. Let z = -4 - u. What are the prime factors of z?
2, 5
Let o be (4/6)/((-6)/18). Let k = o + 1. What are the prime factors of 11 + ((-1)/k - 2)?
2, 5
Let q = 14 + -43. Let p = q - -62. What are the prime factors of p?
3, 11
Let k(s) = 30*s**3 + s**2. Let f be k(1). Let q = f + -8. List the prime factors of q.
23
Let y(p) = -8*p**2 + p + 5 - 1 + p**3 + 4. What are the prime factors of y(8)?
2
Suppose 2*j + 46 = 3*j + k, 0 = -5*j + 4*k + 230. List the prime factors of j.
2, 23
Let d be 21/5 + (-1)/5. Suppose -m = d*m + 55. Let l = m - -19. What are the prime factors of l?
2
Let u be 8/(-3)*(-9)/(-6). Let h = u - -18. What are the prime factors of h?
2, 7
List the prime factors of (11/(-1))/((-2)/(2 + 16)).
3, 11
Suppose 3*x - z - 29 = 16, 4*z - 12 = 0. List the prime factors of x.
2
Suppose -75 = 4*d + d. Let a = -7 - d. List the prime factors of a.
2
Suppose -1 - 29 = -5*b. What are the prime factors of b?
2, 3
Let z be (-1 - 1) + (-5 - -7). Suppose -2*i + 34 = -z*i + k, 3*i - k - 41 = 0. What are the prime factors of i?
3, 5
Let k be 6/(-2) + 1 + 3. Suppose 19 - k = 2*i. What are the prime factors of i?
3
Suppose 221 = g + 24. What are the prime factors of g?
197
Suppose 2*q + 2*q = 0. Suppose 5*v + 65 = -5*y - 0*y, -2*y - v - 29 = q. Let u = -4 - y. What are the prime factors of u?
2, 3
Let v be (18/5)/(21/(-70)). Suppose 0 = -2*g + 6*g + 120. List the prime factors of g/(-4) - 6/v.
2
Suppose -u + 11 - 6 = 0. Suppose u*s + 0*d + 4*d = 54, 3*s - 3*d - 27 = 0. List the prime factors of s.
2, 5
Suppose j = 3*j - 20. Let g(k) = -k**3 + 5*k**2 + k - 1. Let a be g(5). What are the prime factors of (0 + j)/(6 - a)?
5
Let f(o) = 2*o**2 + 20*o - 8. List the prime factors of f(-11).
2, 7
Suppose -20*y + 23*y = 99. What are the prime factors of y?
3, 11
Let g(z) = 15*z + 5. What are the prime factors of g(3)?
2, 5
Let s = 1 - -1. Suppose 8 = -0*w + w + c, 2*c = 4*w - s. What are the prime factors of w?
3
Let w(g) = -3*g**3 - 3*g**2 - 2*g - 5. Let c be w(-3). Let d = c - 33. List the prime factors of d.
2, 11
Let d(r) = -r**3 + 7*r**2 + 9*r. Let u be d(8). Suppose -8 = 2*f - 5*k, 6*f - k - u = 4*f. What are the prime factors of f?
2, 3
Let w = 6 + -7. Let l be 1/(-3 + w - -3). List the prime factors of l/((-2)/(-52)*-2).
13
Let v(j) = 2*j**2 - 5*j - 4. Let t be v(4). Suppose 0 = -i + 3*i + t. Let l = -2 - i. What are the prime factors of l?
2
Suppose 0 = -2*n + r + 44, 8*n = 3*n - 2*r + 92. Suppose -3*z + n = -z. What are the prime factors of z?
2, 5
Let b(p) = 2*p**2 - p + 7. Let q be b(6). Suppose -q = -5*m + 7. List the prime factors of m.
2
Let t = -345 - -492. What are the prime factors of t?
3, 7
Let t = 0 - -3. Suppose t*s + 2*s = u + 50, 3*u = -3*s - 78. List the prime factors of u/(-9) - 2/6.
3
Suppose 2*g - 10 = 7*g, -g = h - 5. List the prime factors of h.
7
Let l(a) = a**3 - a**2 + 2*a - 6. What are the prime factors of l(5)?
2, 13
Let u be 18/12*2/(-3). List the prime factors of ((-7)/1)/(u/2).
2, 7
Suppose 5*s + 4 = -11. List the prime factors of 18*-1*4/s.
2, 3
Suppose -2 + 86 = 3*u. What are the prime factors of 